. Let j(q) = -q**3 + 13*q**2 + 23*q - 25. Let u be j(a). Is 7 - 8 - (u - -2) a composite number?
False
Suppose -10*u = -7*u + 15, -4*f + 898235 = 5*u. Suppose 57*v + f = 72*v. Is v composite?
True
Let d(p) = 3*p**2 + 18*p - 2. Let f be d(-6). Is (-45 - -148)*(f + 0)/(-2) composite?
False
Suppose -18 = -4*b - 2*x, 0 = b + 2*x - 3 - 0. Suppose -h - 4 = -2*j, -b*j = 3*h - j - 18. Suppose k + h*k = 1611. Is k a prime number?
False
Suppose 0 = -2*t + 4*m - 0*m + 2166, m = -t + 1068. Let s = t + -30. Is s composite?
True
Let f(k) = 347*k + 23. Suppose 3*d + 6 = 0, c - 3*d = -1 + 11. Is f(c) a composite number?
True
Let z(a) = 13*a + 237. Let h be z(-18). Suppose -5*r + 55010 = -3*u, 0 = 2*r - 2*u - h*u - 22023. Is r prime?
False
Suppose 3*s = 4*t - 2102131 + 69071, -s + 2541363 = 5*t. Is t a prime number?
True
Let r(m) be the third derivative of -m**4/24 + 11*m**3/6 - 15*m**2. Let v be r(7). Suppose 0 = -5*p - s - 3*s + 35, -2*p + v*s = -14. Is p prime?
True
Let h be 7 + -4 + 22 + 0. Let f be (-31 - 3)*h/(-2). Let m = 612 - f. Is m a composite number?
True
Let c(j) = j**3 + 6*j**2 + 4*j - 5. Suppose 0 = -5*h + 3*g - 8, -h - 4 = -3*h + 3*g. Let w be c(h). Suppose w*d = 12*d - 215. Is d prime?
False
Let c(f) = 57*f + 29. Let g be c(9). Let o = g - 1049. Let q = o - -766. Is q a prime number?
False
Suppose -5*o - 2 + 42 = 0. Suppose -11*g + o*g = -570. Let s = g + -104. Is s a composite number?
True
Is -120 - -124 - -17899*1 prime?
True
Let z(c) = 28*c + 11. Let t be z(-11). Suppose 5*p = 1919 + 1161. Let m = p + t. Is m composite?
True
Suppose -61*v + 7*v + 162 = 0. Is (-2 + (-43352)/(-24))*(v + 0) composite?
False
Suppose -2*c + 1056375 = -7*g, -2*c + 10*g = 14*g - 1056298. Is c prime?
True
Is -326549*-6*5/30 a prime number?
True
Let d be (-82)/123*3*3*-1. Suppose d*n + 9*n = 28965. Is n a composite number?
False
Let u(b) = b + 58. Let q(g) = 3*g + 116. Let f(l) = -3*q(l) + 5*u(l). Let h be f(-14). Is (-7770)/12*2/10*h prime?
False
Let u(p) be the second derivative of p**5/20 + 25*p**4/12 + 3*p**3 + 23*p**2/2 - 33*p - 2. Is u(-21) a prime number?
True
Let l = 48414 - 30757. Is l a prime number?
True
Let c = -15933 - -23487. Let i = c - 2849. Is i a composite number?
True
Let y(w) = -25*w**3 + w**2 + 6*w + 1. Let k be (-212)/(-18) + (7/(-9) - -1). Let r = k + -15. Is y(r) composite?
True
Let s(z) = 53*z**2 + 112*z + 2965. Is s(-82) composite?
True
Let v = 4656 - 2245. Let d = 3772 - v. Is d a prime number?
True
Let j = 48183 - 8690. Is j composite?
True
Let h(q) = -732*q**3 + 2*q**2 + 52*q - 13. Is h(-6) a prime number?
False
Suppose 13621957 = -235*c + 141*c + 117*c. Is c a composite number?
True
Suppose -4*d + 741*x - 743*x + 45256 = 0, -3*d + 5*x + 33903 = 0. Is d a prime number?
True
Suppose 3*k - 2*k = 5*m - 33, 3*m + k - 15 = 0. Suppose 2*a - 1935 = -s, -m*s + 5*a + 5827 = -3*s. Is s a prime number?
False
Let y be -4*(-3 + (-12450)/24). Let g = 2326 + y. Is g composite?
True
Let j = 1510098 - 856871. Is j a composite number?
True
Is (-36422)/(50730/(-28120) - 7/(-4)) composite?
True
Let d(k) be the third derivative of 35*k**4/12 - 149*k**3/6 + 132*k**2. Is d(16) prime?
True
Let v = 70 + -57. Let y(r) = 13*r**2 + 12*r - 24. Is y(v) a prime number?
False
Let t = 227 - 224. Suppose -4*b - k + 4*k = -10072, 3*b - t*k = 7551. Is b a composite number?
False
Let u = 230530 + -136497. Is u prime?
True
Let k = 36 - 8. Suppose k - 303 = -5*p. Suppose -72 = -a + p. Is a a composite number?
False
Let y = -14 - -86. Suppose -416 - y = -4*s. Let p = s + 99. Is p prime?
False
Suppose 295 = 2*k + 295. Suppose -5*d - 5*i + 12590 = k, 2*d + 924 - 5978 = 4*i. Is d composite?
False
Suppose 3*c + 0*j - 3*j = 0, 5*c + 3*j = 24. Suppose 0*u - 3*u = 3*v - 9675, -5*u = c*v - 16121. Is u a composite number?
True
Suppose -52*k + 5194450 = -2*k. Is k a prime number?
True
Is (22397185/614)/((25/(-2))/(-5)) composite?
False
Suppose -2*a - 24 = -5*a. Let s(w) = w**3 - 9*w**2 + 10*w - 12. Let d be s(a). Let g = d - -11. Is g a composite number?
True
Suppose 261*t - 44 = 250*t. Is (-9677)/t*(-25 + 21) a prime number?
True
Let v = 2300267 - 984340. Is v a prime number?
True
Suppose x - 12*x = -22. Suppose 3*w - 12548 = -x*k, -2*k - w + 2*w + 12548 = 0. Is k composite?
True
Let r(q) be the third derivative of -176*q**4/3 - q**3/6 + 82*q**2. Is r(-2) a prime number?
False
Suppose 2*k - 4*m - 90169 = 26917, 175624 = 3*k - m. Is k a composite number?
True
Let u be (-2)/3 + 2*(-4504)/6. Let z = -5644 - u. Let q = z - -6193. Is q a prime number?
False
Suppose -2*x + 12287 = -5*w - 7274, -19555 = 5*w - 5*x. Let y = -2654 - w. Is y a prime number?
True
Suppose -316*v + 321*v - 143939 = 3*i, 2*v = -4*i + 57586. Is v a prime number?
True
Is (-10 + 9)/(6/198435*(-20)/16) a prime number?
False
Suppose -8*x + 444363 = -324029. Is x composite?
True
Let d be ((-72)/10)/(12/1880). Let i = -1125 + 578. Let v = i - d. Is v a composite number?
True
Suppose -2*c - 396 = 2*c. Let x = -94 - c. Suppose 0 = -x*d - 2*b + 3495, -5*d + 3480 = 6*b - b. Is d prime?
True
Let s be -5 - (-140)/25 - (-144)/(-15). Let b be 6/s + ((-20)/(-3) - -2). Suppose -b*g + 11*g = 3261. Is g composite?
False
Let z = 77562 - 52034. Let s = -974 + z. Is s a prime number?
False
Let g = -423158 + 609384. Is g composite?
True
Let z(k) = 2691*k**2 + 65*k + 53. Is z(-12) a prime number?
True
Suppose -2*g - 28 = -5*h, -3*h = -7*g + 8*g - 8. Let c be 3 + h/((-20)/15). Suppose 929 = 5*x - 2*l, 2*l - 5 - 1 = c. Is x prime?
False
Let a(j) = 461*j**2 + 3*j - 39. Let z(d) = 924*d**2 + 6*d - 78. Let o(y) = 13*a(y) - 6*z(y). Is o(6) a prime number?
False
Let n be (5 - 1)*3*274/24. Let m = 139 - n. Suppose 5*b + 3*w + 2*w = 9720, m*b - 4*w = 3918. Is b a prime number?
True
Suppose -1649 = -4*k - 1689. Let l(b) = -b**3 + 7*b**2 + b + 3. Is l(k) a prime number?
True
Suppose -48*b = -60*b. Let z(v) = 11*v + 679. Is z(b) composite?
True
Let n be 1 + 8 + -2 + -1. Let u(m) = 72*m - 7. Let h(g) = 72*g - 6. Let f(r) = n*h(r) - 5*u(r). Is f(9) composite?
False
Suppose 2*f + 0*f = -n + 63903, 4*n + 7*f - 255617 = 0. Is n a composite number?
False
Let y be (-19 - 1) + 21/((-35)/(-5)). Let k = -12 - y. Suppose -1662 - 4093 = -k*v. Is v prime?
True
Let u = 368594 - 159853. Is u a prime number?
False
Let d(x) = -3*x**3 - 12*x**2 + 12*x - 12. Let g = -191 - -176. Is d(g) prime?
False
Suppose 2*w - 5485 = 4*b - 863, -4*b = -12. Is w prime?
False
Let b(t) = -6*t - 2. Let k be b(-1). Suppose 2*x - w = k*w + 40, -2*w = -x + 18. Is (-4)/x - 2/20*-9714 composite?
False
Suppose 3*y - 2*x = 527467, x = -204*y + 202*y + 351626. Is y composite?
True
Suppose 105728 = s - b, -4*s - 2*b - 70266 + 493196 = 0. Is s prime?
False
Let g be 5596*(-1 - 3)/(-4). Suppose -4*l - 4*v + g = 0, 5*l - 3*v + 6995 = 10*l. Is l a composite number?
False
Let w be 46/10 + -5 + 17/5. Suppose -5*o + 4002 = 4*u - 3*u, -u - w = 0. Suppose -r - 4*a + 5405 = 0, r - 5*a - 4622 - o = 0. Is r a prime number?
True
Suppose 8*y - 66 = -74. Is (y - 1)/((-1759872)/(-293316) + -6) a prime number?
True
Suppose 3*q - 37*j = -32*j + 202237, -2*j + 337041 = 5*q. Is q prime?
True
Suppose 0 = -3*i + 25*i - 374. Suppose 12*f = i*f - 438455. Is f a prime number?
True
Let w be (-3)/(-30) - (-114)/60. Let g(k) = 2178*k - 29. Is g(w) a composite number?
False
Let g(q) = -q - 28. Let t(w) = -12*w + 9. Let r be t(3). Let z be g(r). Let o(a) = -7649*a**3 - a**2 - 2*a - 1. Is o(z) prime?
True
Is (-50)/(-225) - (-19116485)/45 a prime number?
True
Let w = 33 + -33. Suppose n - 4*n + 9 = w. Is 2/n + (-8414)/(-6) a composite number?
True
Let u = -30 - -10. Let j be 1/5 - 36/u. Suppose -6782 = -4*i + j*o - 2104, -4*i + 4*o = -4680. Is i a composite number?
True
Let w = -715 + 1864. Is w prime?
False
Let g = -30 + 36. Let o be (3 - 2)/(g - 5). Is 438/3 + -3 + 5 + o prime?
True
Let l be 2/(-4)*8 - -25. Let q = 8 - l. Let k(m) = -m**2 - 14*m + 24. Is k(q) composite?
False
Suppose -48*t + 1897352 = -7925416. Is t a composite number?
False
Is (-52917)/(-3) + 56/7 composite?
True
Let l(j) = 5*j**3 + 3*j**2 + 10*j + 15. Let u = 90 + -88. Let w(m) = 10*m**3 + 5*m**2 + 19*m + 30. Let h(o) = u*w(o) - 5*l(o). Is h(-11) a composite number?
True
Let k(j) = -7*j**2 - 121*j - 57. Let m(t) = -4*t**2 - 60*t - 28. Let n(l) = 3*k(l) -